+ 2034 = -3*n, 0 = 4*n + m - 8117. Is n composite?
False
Let i = -1041 - -1930. Is i prime?
False
Let z = -88 + 575. Suppose -4*d - 11 + z = 0. Is d a composite number?
True
Let a = -8 + 13. Suppose -2*m - q + 64 = -55, -3*m - 3*q + 171 = 0. Suppose 2*d - m = -a*u, 32 = 3*u + d - 6. Is u a composite number?
True
Let j(z) = -3*z**2 + 4*z**2 - 2 - 3*z - 3. Let t be j(5). Suppose -2*c - 28 = -6*c + i, t*c - 35 = 3*i. Is c composite?
False
Let b = 1 + -3. Suppose 4*d - 6 = f + f, 2*f = 3*d - 6. Is 59 - (b + (2 - d)) composite?
False
Is 0 - (-3 - 32 - 3) a prime number?
False
Is 3810/40 - (-2)/(-8) a composite number?
True
Let g be -3*(-284)/(-6)*1. Let j = g - -209. Is j a composite number?
False
Let y = 143 + -235. Let d = 69 - y. Is d a composite number?
True
Let p = 50 - -907. Suppose -5*h + p = 2*y, -2*y + 2 = -0. Is h a composite number?
False
Let b be 0/(-5 + 6/2). Suppose b = 2*a - 2*m - 312, -2*m + 411 = 4*a - 219. Let y = a - 86. Is y a prime number?
True
Suppose 415 = c + 4*c. Is c composite?
False
Suppose -3*d + 1527 = 30. Is d a composite number?
False
Suppose 14 + 106 = -q. Let x be (0 + 4)*q/(-3). Let a = x + -51. Is a prime?
True
Suppose 3*a - 8 = 4, 0 = 3*q + 4*a - 22. Suppose 0 = 4*u + q*p - 340, -5*u + 2*u + 255 = -5*p. Is u a prime number?
False
Let b(q) = -6*q**2 - 4*q + 3. Let a(y) = 5*y**2 + 4*y - 2. Let s(x) = 5*a(x) + 4*b(x). Let l = -66 + 61. Is s(l) composite?
False
Let f(c) = c**2 - 10*c + 11. Let d be 102/10 - 7/35. Is f(d) a prime number?
True
Let b be (0/1 - 277)/(-1). Suppose -2*k + b = -k. Is k prime?
True
Suppose -8*h + 3628 = -4*h. Is h a composite number?
False
Is (-1794)/(-12) - (-2)/(-4) a prime number?
True
Suppose 3*l - 1048 = -s - 4*s, -3*s + 2*l + 625 = 0. Is s prime?
False
Let t be 882/24 - (-1)/4. Suppose 0 = -2*s + 155 - t. Is s prime?
True
Let v(j) = 117*j**3 + j**2 - 3*j + 3. Is v(1) a prime number?
False
Let a = -271 + 494. Is a a prime number?
True
Let t(v) = -50*v + 2. Let i = 7 - 9. Let h be t(i). Suppose 2*z - h = 4. Is z a composite number?
False
Suppose -2*r + 1910 = -1476. Is r a prime number?
True
Let c(r) = -3*r + r + 117*r**2 - 61*r**2 + 5 - 55*r**2. Let p(f) = 9*f**3 - 2*f**2 + 1. Let o be p(1). Is c(o) prime?
True
Let l be 7*14*(-6)/(-12). Is l/(2/(0 - -2)) prime?
False
Let r = 1970 + -573. Is r composite?
True
Let w = 4 - -9. Suppose 5*f = -o + 192, -3*o + 576 = 2*f + w. Is o a prime number?
False
Let i be (-2 - 2)/((-2)/67). Suppose 4*g - i = 2*g. Is g composite?
False
Let j be 4/6 + 141/(-9). Let g be (j + -2)/(6/(-102)). Suppose g = 5*u + 34. Is u composite?
True
Suppose -3*w = -3, 2*l + 2*w = w + 4299. Is l a prime number?
False
Suppose h = 3*b - 14, -h - 3*h = b + 4. Is 1*1/h*-158 composite?
False
Suppose -4*j + 8*y - 3*y + 2632 = 0, -4*j - 3*y + 2600 = 0. Suppose -2*w = 5*i - 447, 3*i = -3*w - i + j. Is w prime?
True
Let f(p) = -4*p + 33*p**2 + 4 - 1 + 0*p. Is f(2) a composite number?
False
Let o(k) = 4*k**2 - 6*k - 11. Is o(9) a composite number?
True
Let l = 252 - 91. Let k = 21 - 5. Suppose -l = -5*j + 4*d + 88, 4*d = k. Is j a prime number?
True
Let k = 79 - -149. Suppose v - 4*m + m - 107 = 0, -2*v = m - k. Is v composite?
False
Suppose -15 = -3*h + 18. Is h a composite number?
False
Let j = -5 - -11. Let k(b) = 16*b - 3. Let p be k(j). Is (-4)/(-10) + p/5 a prime number?
True
Suppose -d + 6 = d. Let c(p) = -p + 2*p**2 + 0*p**d + 2*p**3 - 4*p**2. Is c(3) prime?
False
Let w(f) = -691*f - 14. Is w(-1) composite?
False
Suppose -38394 + 14978 = -8*b. Is b composite?
False
Let s(k) = 11*k + 5. Suppose 0*m = -5*m + 20. Is s(m) composite?
True
Let q(y) = 7*y + 0 + 2*y + y - 3. Is q(4) prime?
True
Suppose -6*q + 2*q - 24 = 0. Let a be 1*(q/(-3))/1. Suppose 49 = a*g - i, 3*g - 2*i + 27 = 4*g. Is g a prime number?
False
Suppose -4*k = 4*b + 4, 2*k - 2 = -4*b - 0. Let y = 2 - b. Suppose 4*l - 16 - 40 = y. Is l a prime number?
False
Let x be (-39)/(-4) - 1/(-4). Let p be (4/x)/(1/(-5)). Let z(j) = -2*j**3 - 3*j**2 - 3*j. Is z(p) a composite number?
True
Let o be 8/(-4)*1 - -23. Is -3 + 3 + 1 + o a composite number?
True
Let m(c) = 12*c**2 - 5*c - 5. Let t = -4 - -2. Is m(t) prime?
True
Let k(f) = -84*f**3 + f**2 - 4*f - 2. Is k(-3) a prime number?
True
Let q(x) = 333*x. Let h be q(5). Suppose -4*w + h = -107. Is w a prime number?
True
Suppose 4*x = 5*y - 15, -4*x = -9*x. Suppose -3*v - y*w = 2*v - 1370, -4*v - 4*w = -1104. Is v composite?
False
Let r = -50 - -112. Is r composite?
True
Let p be (0 - 1 - 0)*0. Suppose 2*j + 10 = p, q + 2*j + 3*j + 31 = 0. Is (15/(-6) + -1)*q a composite number?
True
Let d be 3*(1 + (-384)/(-9)). Let x = d + -42. Is x prime?
True
Let f = 4981 - 2928. Is f a prime number?
True
Suppose -3*h - 6 - 3 = 0. Is (-2)/h - (-182)/6 a composite number?
False
Let m(g) = 37*g**2 + g + 1. Suppose -4*l = 20 + 4. Let o be -2*(-1 - 9/l). Is m(o) a composite number?
False
Let y be 1 + -5 + 1 + 83. Let g be y/35 - (-2)/(-7). Suppose 0 = -w + g*w - 159. Is w a prime number?
False
Is 6/4*5678/3 + 2 a prime number?
False
Let k(n) be the second derivative of 29*n**4/12 - n**3/2 + n**2/2 + 2*n. Let j be k(2). Let z = -46 + j. Is z prime?
False
Let a(s) = -427*s**3 + s**2 + 8*s + 3. Is a(-2) a composite number?
False
Suppose -4*o = -5*n + 4538 + 73, 5*n - 4583 = -3*o. Is n composite?
False
Let d(k) = -785*k + 2. Is d(-1) prime?
True
Let b be 6*2*(-2)/(-24). Let r be 5/(b/2*-2). Is (r - -1)*217/(-14) a prime number?
False
Let q = -191 + 498. Is q prime?
True
Suppose 0*b = -4*b. Let c be -2 - ((0 - b) + -22). Let g = c + 1. Is g prime?
False
Let g(c) = c**2 - c + 59. Let k(u) = -u**2 + 7*u - 6. Let v be k(6). Is g(v) a composite number?
False
Let t = 553 + -260. Is t a composite number?
False
Let a(w) = -10*w + 2. Let d be -2*(-3 - 4/(-1)). Is a(d) a prime number?
False
Suppose -4500 = -5*i + 5. Let p = i - 68. Let t = -576 + p. Is t a composite number?
False
Let f be 2/(0 + -2)*-119. Let h = -84 + f. Is h a prime number?
False
Let d(o) = o**2 - 6*o + 13. Let s = 4 - -8. Is d(s) a composite number?
True
Let g(y) = y**3 - 9*y**2 + 10. Let k be g(9). Let p(z) = 4 - 1 - 2*z + 4*z + 2. Is p(k) a composite number?
True
Let v be 15 - 1/(3/6). Suppose -23 = -4*a + v. Let k = a - -1. Is k a composite number?
True
Suppose 23 = 4*b - l, -b + 0*l = l - 2. Let t = 4 + 151. Suppose -b*g = -0*g - t. Is g prime?
True
Let o = -4258 + 6429. Is o prime?
False
Suppose -4*o = -5*o + 5. Suppose 3 = l, -l + 3 = -5*i - 0*l. Suppose 0*m + 207 = 2*m + o*a, i = -5*m + 5*a + 430. Is m a prime number?
False
Suppose 3*i + 76 = 2*i. Let p = 129 + i. Is p composite?
False
Let c(f) = -f**3 - 8*f**2 - 6*f - 10. Let i be c(-8). Let d(a) = a**3 - 8*a**2 + 9*a - 7. Let k be d(6). Let p = i + k. Is p a composite number?
False
Let w = -93 - -137. Let b(f) = 7*f + 4. Let q be b(-5). Let t = q + w. Is t prime?
True
Is 18/(-30) + 3172/20 a composite number?
True
Suppose 726 + 113 = t. Is t composite?
False
Let i(z) = -z**2 + 6*z + 9. Let p be i(7). Suppose 2*r - 22 - 237 = -k, -p*k = r - 527. Is k composite?
True
Suppose -5*z = -1649 + 394. Is z composite?
False
Let z(b) = b**2 - 5*b + 1. Let r = 13 - 19. Is z(r) prime?
True
Let b be 0 + -131 - (-4)/4. Let w = -28 - b. Suppose 0 = -3*l - 0*l + w. Is l a composite number?
True
Suppose -4*g - 7*g = -15653. Is g prime?
True
Let k(b) = -9*b - 3. Is k(-6) prime?
False
Suppose 0 = -3*g - h + 2811, 4*g + 8*h = 3*h + 3748. Is g composite?
False
Let x(v) = -2 - 15 + 3*v + 5. Let k be x(8). Let p = k + 7. Is p prime?
True
Suppose 0 = -10*m + 5*m + 1585. Is m a composite number?
False
Suppose -4*i = 3*r - 0*i - 19, -4*r + 19 = -i. Suppose -1 = -4*a + r*s, 2 - 3 = 2*a - 3*s. Suppose 14 = -3*w + a*w. Is w prime?
False
Let x = 9 - 4. Suppose 4*b - 3 = x. Suppose -83 = -3*y + b*k, -3*y + 5*y = 4*k + 66. Is y a prime number?
False
Let b = -24 + 5. Let w = b - -44. Is w composite?
True
Is (-12)/8*(2949/(-9) - -3) composite?
False
Let p be (-80)/(-24) - (-4)/6. Suppose 78 = p*x - 2*x. Is x prime?
False
Suppose 3*d + 107 = 4*c, -3*c + 7*d = 3*d - 89. Is c a prime number?
True
Suppose 1649 = 2*x - 2297. Is x a prime number?
True
Is (-18)/99 + 1641/11 a prime number?
True
Let o be (-4)/(-10) + (-4)/10. Let u be 8/(-12) - (-764)/3. Suppose -2*b = -o*b - u. Is b a prime number?
True
Let t(v) b